84 + -73 + (-1 - 11)
-1
What is -1 - 0 - (-5 - -4)?
0
What is 0 + (1 - -1) - (14 - 11)?
-1
What is the value of -2 - (-3 + -1) - (4 - 3)?
1
Calculate -45 - -49 - (-1 - 1 - -11).
-5
Evaluate 5 - (1 - 0) - (-170 + 170).
4
What is the value of -7 - (-8 - -1) - -2?
2
What is the value of 6 + -12 - -6 - 6?
-6
What is the value of 2 + -6 + 0 + -1?
-5
What is the value of 3 + (-5 - (0 + -6))?
4
What is the value of -1 + 1 - -2 - 3?
-1
What is the value of -7 + (2 - -9 - 0)?
4
4 + -10 + (-1 - -8)
1
What is 7 + (-9 - 0) - (3 - 1)?
-4
1 + 3 + -4 - 3
-3
2 - (2 - (-3 - -2))
-1
Evaluate (-3 - (13 - 7)) + 7.
-2
Calculate 1 + 1 - (22 - (0 - -15)).
-5
4 - (17 - 7 - 2)
-4
What is the value of 2 - -7 - (-8 + (2 - -10))?
5
Calculate (1 - 6) + (-2 - -2).
-5
Evaluate 13 + (-6 - 1 - -1).
7
What is 1 - (1 + -1) - (7 - 5)?
-1
What is 4 + -2 + -3 + -3?
-4
Evaluate (-1 - 1) + (-8 - -11).
1
What is the value of -10 + 6 - (-15 - -6)?
5
Evaluate 1 + (4 - (-1 - -1)).
5
Calculate (-13 - -7) + 12 + (1 - 6).
1
Calculate (-136 - -132) + (-1 - 0 - -1).
-4
What is the value of -1 + 14 + 10 + -15 - 2?
6
(4 - 1) + -6 - (1 - -1)
-5
What is the value of (-7 - (-6 + 10)) + 10?
-1
Evaluate 3 - (-6 - -2 - (12 + -13)).
6
Calculate (1 - (0 + 4)) + (-17 - -17).
-3
What is (6 - (-10 + 14)) + (-3 - 0)?
-1
What is 11 + (-5 - 2) + (4 - 0)?
8
Calculate -8 + -9 + 2 + (-1 - -13).
-3
What is 1 + 2 - 7 - (1 - 9)?
4
What is (7 - 13 - -7) + (-3 - -1)?
-1
Calculate 3 - (-2 + 7) - (2 + -4).
0
(3 + 3 - -1) + -11
-4
Evaluate 0 - 1 - (-7 + 6).
0
What is the value of 1 + -2 - (3 - 2)?
-2
Calculate (-18 - -23 - (1 - 1)) + -9.
-4
Evaluate 7 - (-5 + -3 - -12).
3
What is 2 + (-2 + 3 - (-2 - -3))?
2
Calculate 10 - 14 - (1 - 0).
-5
Calculate (1 - -1) + -17 + 11.
-4
1 + 5 - (6 + 9 + -4)
-5
Calculate 2 + -7 - (-30 - -31).
-6
(2 - 9) + 6 - 5 - -3
-3
Calculate 2 + 5 - ((3 - 2) + 15).
-9
What is the value of (-2 - (2 + -9)) + (-11 - -5)?
-1
Calculate -1 + 1 - -3 - (6 - 3).
0
4 + (2 - (-3 - -5))
4
-1 - (-3 - (-6 + 5))
1
What is 3 - ((0 - -6) + 3 - 1)?
-5
Calculate 0 + 6 + 54 + -55.
5
Calculate 0 + (8 - 2) - 10 - -11.
7
Calculate (5 - (0 + 3)) + -7.
-5
Evaluate -2 + 8 + -2 + -1.
3
Calculate 2 + -9 + 14 + -8.
-1
Calculate (-8 - -12) + (3 - (3 - -7)).
-3
(5 + -3 - 2) + (-1 - -1)
0
What is the value of 6 - (1 - -7) - (-7 + 7)?
-2
4 + -1 - (64 + -64)
3
What is -1 - 4 - ((-2 - -3) + -1)?
-5
What is -7 - (-4 - (0 + -1))?
-4
-39 - -43 - (3 + 2) - 4
-5
What is 9 - (4 + -2 - -3)?
4
(-11 - -14) + (-6 - -4)
1
Evaluate -2 + 2 + -2 + (-7 - -14).
5
Evaluate -3 - (-10 - (-2 + -6)).
-1
What is (-1 - 6 - -3) + 29 + -23?
2
Calculate 4 - (-5 + 2 - -5).
2
-7 + 7 - (3 + -8)
5
What is (7 - (7 - -7)) + 1 + 4?
-2
Evaluate 5 - (5 + -4 - -2) - -2.
4
What is -8 - -4 - (3 + -18 + 6)?
5
What is the value of -6 + (58 - 65 - (-7 + 1))?
-7
Evaluate -2 + 0 - (2 - -1).
-5
-7 + 16 + -8 + 0
1
Calculate 3 - (3 + -1) - 1 - 5.
-5
What is 15 + (0 - 0) + -9?
6
What is the value of -6 + -4 + 0 + 8?
-2
What is the value of 1 - (-4 - -7) - -2?
0
What is the value of 5 - ((6 - 2) + -1 + -3)?
5
What is the value of 12 + (14 - 28) + 3?
1
-3 - ((-1 - -4) + -2) - -11
7
0 + -3 + 5 + 3
5
-6 + 4 + 0 - -3
1
What is the value of -5 - (-14 - ((-5 - -2) + 1))?
7
2 - (4 - -2 - 3) - -7
6
Calculate -3 + 2 + -4 + -3 + 3.
-5
Calculate 16 - -1 - (-114 - -126).
5
Calculate 14 + -7 - (-4 - -14).
-3
What is the value of 2 + -9 + (6 - 4)?
-5
What is (17 - 16) + (-1 - (3 - 0))?
-3
Calculate (2 - 0) + -4 - (-66 - -72).
-8
-12 - (2 + -7) - 1
-8
Calculate (-3 - -1) + -1 + -45 + 48.
0
Evaluate 3 + -1 + (-4 - -7).
5
Evaluate (-6 - -1) + (1 - 1) + 0.
-5
What is the value of (2 + (-5 - 4) - -3) + 1?
-3
Calculate (0 - (3 + -5)) + -3.
-1
What is the value of -1 - ((-5 - -7) + 1)?
-4
Calculate 3 - 2 - (5 - 2).
-2
What is the value of 3 - 0 - (5 - 0)?
-2
-21 - ((2 - -3) + -17)
-9
Calculate 9 + -4 + -2 + (2 - 2).
3
Calculate -244 - -249 - ((-1 - 1) + 0).
7
Evaluate -15 - ((4 - 9) + 3) - -6.
-7
Evaluate (-2 - 1) + 4 + -9 + 5.
-3
2 - ((1 - (4 + 7)) + 6)
6
3 - (-1 + (-4 - -2)) - 4
2
What is the value of 1 + (0 - 1 - 4)?
-4
What is the value of -6 + 6 - (-14 + 10)?
4
What is the value of (1 - -11) + (-39 - -21)?
-6
What is (2 - 0) + -5 + (31 - 33)?
-5
What is (-7 + 13 - 16) + 5?
-5
Calculate (0 - 4 - -2) + 2.
0
What is 4 + (-1 - -3) + 8 - 8?
6
Evaluate -4 - (-6 + 6) - -9.
5
(2 - (-6 - -11)) + -1 + 7
3
What is 0 + -6 + -2 + 2 - -4?
-2
Calculate 6 + (-4 - (-2 + -4 + -2)).
10
(5 - 3) + (2 + 0 - 2)
2
(7 - 1) + -9 + -6 + 7
-2
What is -6 - (-7 + -4 + 3)?
2
1 - (-9 + -2 + 7)
5
-2 + (-1 - (-9 + 5))
1
What is the value of -3 - ((1 - 4 - -1) + -2)?
1
-11 + (3 - (-1 + 4) - -6)
-5
Calculate (-5 - (2 - 6)) + -3 - -10.
6
What is 0 + -7 - (-3 + 1) - -3?
-2
What is the value of -2 + -11 + (9 + -2 - 3)?
-9
What is -4 + 2 + (0 + -3 - -2)?
-3
What is -2 - (-8 - -10) - -2?
-2
What is the value of (2 + 1 - 1) + (-2 - 4)?
-4
Calculate 4 + 7 - (3 - -1).
7
What is (-1 - -1) + (20 - 25)?
-5
Evaluate 2 + (-2 - 3 - (-1 + -2)).
0
What is the value of 1 - 4 - (4 - 10)?
3
(-3 - (6 - 3)) + 3
-3
What is (-2 - -7) + -2 - 0?
3
Calculate 9 - ((5 - (0 - -6)) + 6).
4
What is 5 + (-5 - (0 + 2))?
-2
What is -8 + (-3 + 11 - 5) + 0?
-5
-14 + 14 - ((-4 - -2) + 5)
-3
What is the value of -4 - -4 - ((-6 - -2) + 2)?
2
Calculate -3 + 15 + -10 + (-1 - -6).
7
Evaluate -5 + 3 - (-7 - 4 - -4).
5
What is the value of 0 - ((-6 - 0) + 0)?
6
2 - (-1 - (6 + 4) - -4)
9
What is the value of -6 - (3 + -2 + -4) - -6?
3
(13 - 15) + (3 - -1)
2
Evaluate 0 + 6 + -6 + -1.
-1
What is the value of (1 - 2) + (5 - (1 - 2))?
5
What is 1 - -6 - (-29 - -34)?
2
What is the value of -4 + 2 + -12 + 12?
-2
(-2 - -3) + 1 + 2 + -3
1
What is 6 - (12 + 4 + -10)?
0
What is the value of -9 + (2 - (4 - (5 - -1)))?
-5
2 + -2 + 9 + (7 - 13)
3
Evaluate -4 + (17 - (8 + 1)).
4
What is the value of (7 - 4) + -3 - -3?
3
Evaluate 2 - (6 - (-8 + 7)).
-5
Evaluate -3 - 1 - (3 + -7 + 0).
0
What is the value of (-3 - -2) + -4 + 3 + -5?
-7
Calculate -1 + 10 + (7 - 12).
4
11 + (-2 - 3) - 2 - 3
1
What is -5 - (-16 - (0 - -2 - 3))?
10
What is the value of (-14 - (1 + (-3 - 2))) + 3?
-7
Evaluate (-8 - -3) + 22 + -30 + 14.
1
Calculate -3 - (-7 + 4 + -2).
2
Evaluate -2 - ((-1 - 0) + -3) - -2.
4
Calculate -4 - ((-8 - -6 - 2) + 8).
-8
Calculate -6 - -3 - 7 - (-50 + 50).
-10
2 + -15 + (-5 - -12) + 5
-1
Calculate -4 - (-3 - 1) - -5.
5
Calculate (1 + 2 - (-2 + 0)) + 0.
5
Evaluate 1 + 0 + 0 + (3 - 0).
4
Calculate -5 - -2 - (3 + 3 + -3).
-6
What is 1 - -3 - (15 + -15)?
4
What is the value of (0 - (7 + -12)) + -6?
-1
What is the value of -3 - (1 - (3 - 2))?
-3
Calculate 6 + 2 + -5 + (-3 - -3).
3
What is the value of (-9 - -4 - 2 - -8) + -9?
-8
Calculate 4 + (-14 + 9 - -4).
3
0 + 4 + -2 - (-4 + 3)
3
What is -10 - -3 - (-14 + 7 - -3)?
-3
Calculate 2 + -2 + 11 - (3 + 1).
7
Evaluate -6 + 5 + -4 + 7 - 2.
0
0 + -1 - (-33 - -27)
5
3 + 5 + -8 - 6
-6
What is the value of -15 + 13 + (-2 - 1) + 0?
-5
Evaluate 3 + (0 - -3 - 10).
-4
Evaluate 17 + -17 - (2 - 2).
0
16 + -27 - (-3 + 1)
-9
What is the value of 9 + (-1 - 1 - 2)?
5
What is 15 + -17 + (6 - 0) - 0?
4
Evaluate -1 - (4 + 0) - -5.
0
What is -2 + (-1 - -4 - (-3 + 2))?
2
What is (4 - -3) + (-1 - 1 - 4)?
1
What is the value of -3 - ((-7 - -3) + (2 - 1))?
0
What is the value of 6 + (0 + -4 - -7 - 3)?
6
16 + -20 - (-3 + 1 + 0)
-2
(4 + -5 + -5 - 1) + 1
-6
Calculate (7 - 7) + -11 - -5.
-6
Calculate 2 + -1 + (5 - 13 - -5).
-2
-4 + 7 + -1 + -4
-2
What is the value of 1 - -9 - 11 - -3?
2
Calculate -2 - -12 - (-43 + 54).
-1
Evaluate (0 + 8 - 22) + 22.
8
What is the value of 13 - (-13 - (-37 + 5))?
-6
Evaluate -1 + 4 + -9 + 9.
3
-20 + (7 - 5) + 1 + 7
-10
What is 1 + 2 - (-4 + -3 + 7)?
3
0 + -5 + -2 + 0 + 2
-5
What is the value of -9 + (17 - 0) + 1?
9
Evaluate 1 - (7 + -2 + -3).
-1
What is the value of -17 + 19 - (0 - (-6 - 0))?
-4
What is 6 + -24 + 9 - -7?
-2
Evaluate -7 - (0 - -7 - (57 + -47)).
-4
What is -8 + 0 + (8 - 2)?
-2
Calculate -2 + (-4 - -2) - (-5 - -2).
-1
What is -1 + 6 - 7 - 3?
-5
(-2 - (-12 - -3)) + 3
10
Calculate -1 + (1 - -3 - -1).
4
-7 + (-13 - -7 - -12)
-1
3 - ((5 - (3 - -1)) + 0)
2
0 - ((-6 - -3) + -3)
6
Calculate 4 - (6 - 4) - 1.
1
What is the value of -8 - ((-1 - 5) + 3)?
-5
4 - (8 + -1 + -1)
-2
Evaluate -39 - -38 - (-1 - 4).
4
Calculate -2 - -5 - 1 